21*f - 29. What is a(f)?
4
Suppose 0*m + 4 = -4*m. Let n(w) be the third derivative of -w**5/10 + w**4/24 + w**3/6 - 18*w**2. What is n(m)?
-6
Let d be (1 - (2 + 1)) + 3. Suppose -n + 5 = -j, -5*j - d = 4*n + 15. Suppose -n = -2*r + 1. Let x(q) = q - 1. What is x(r)?
0
Let s(m) = m**2 - 6*m + 5. Let c = -11 + 11. Suppose c = 4*b + 4*g - 5 + 1, -4*b - 3*g = -8. Determine s(b).
0
Let h(y) = y**3 - 5*y**2 - 1. Suppose 43 + 47 = 6*g. Suppose 0 = 2*n + n - g. Give h(n).
-1
Let h(x) be the first derivative of x**2/2 - x + 1. Give h(2).
1
Suppose -30 = -4*w - 5*p, 4*p - 9 = -3*w + 7*p. Let n(t) = -t + 2 + 1 + 5*t**2 - 200*t**3 + 199*t**3. Give n(w).
-2
Let z(n) = n**2. Let s(x) = 3*x**2 - x. Let o(u) = 4*s(u) - 11*z(u). Give o(4).
0
Suppose 11 = -j + 5*k - 7, -3*j = 4*k - 22. Let h(y) = j - 1 + 2*y**2 - 5*y**2 - 4*y**2. Determine h(-1).
-6
Let r(p) be the third derivative of -1/12*p**4 + 1/3*p**3 + 0 + 2*p**2 + 0*p - 1/60*p**6 - 1/15*p**5. Give r(-2).
6
Suppose 5*d = -10, -3*d - 4 + 0 = 2*l. Let m = l + 2. Let z(g) be the third derivative of g**5/60 - g**4/12 + 2*g**3/3 + g**2. Calculate z(m).
7
Let c(g) = 2*g**3 + 2*g**2 - g + 2. Let l = -5 + 8. Suppose 0 = -3*f - 15, 4*v = l*v + 5*f + 23. Calculate c(v).
-4
Let f(u) = 3*u**2 + 2*u + 12. Let y(z) = -z + 1 - 2 - z**2 - 3. Let a(w) = -6*f(w) - 17*y(w). What is a(5)?
-4
Suppose 3*n = -m + 1 - 5, -3*m = 2*n - 2. Let v be (4/(-6))/(3/9). Let d be 8/m - (3 + v). Let b(i) = -i + 2. What is b(d)?
-1
Suppose 0*j - 5*j - 2*h = -23, 17 = -j + 5*h. Suppose 2*r + r + j = 0. Let s(n) = -2*n - 1. Let c(o) = o + 1. Let y(t) = -2*c(t) - 3*s(t). Give y(r).
-3
Suppose 0*p + k = -3*p + 11, 5*p = 5*k - 15. Let f(t) = -t**3 + t**2 - 2*t + 3. Calculate f(p).
-5
Let j(m) = m**2 - m. Let b(d) = 2*d - 1. Let u be b(2). Let w = 42 - 40. Suppose -u*k = w*h, 0 = 5*k - 0*k - 5*h. Determine j(k).
0
Let m(h) = h**3 - 3*h**2 - h - 1. Suppose -u + d = -8 - 11, 2*d + 4 = 0. Suppose 5 = -4*p + u. What is m(p)?
-4
Suppose 2 - 20 = 3*y. Let u(l) = l**3 + 7*l**2 + 7*l + 9. Determine u(y).
3
Let g(n) be the first derivative of n**3/3 - n**2/2 - 8*n + 1. Suppose 0 = 2*l - 7*l. Let o be l/(-1 + 1 + 1). What is g(o)?
-8
Let p(u) = -u**2 + 9*u - 7. Let w be p(8). Let l(g) = 11*g**3 + g**2 - 2*g + 1. Determine l(w).
11
Let q(r) = 2*r + r - 4*r + 12. Determine q(0).
12
Let b(y) = y**2 - 8*y + 5. Let k be b(7). Let s(h) = -2 + 0*h + 2*h + h. Give s(k).
-8
Suppose -22 = -4*y + 2*a, -2*a - 14 = 2*y + 2*a. Let u(j) = -4*j + 3 - 4*j**2 + j**3 - 7 + 4*j + y*j. Give u(3).
-4
Let y(l) = 22*l - 8. Let w(g) = -1. Let c(i) = -7*i - 3. Let k(f) = c(f) - 6*w(f). Let a(u) = -16*k(u) - 5*y(u). Determine a(6).
4
Suppose -5*g - 3 - 17 = 0. Let l be (g/5)/((-4)/(-20)). Let k(j) = 5 - 3 + j**2 + 3*j + 2*j - 3. Determine k(l).
-5
Let d(r) be the second derivative of -r**3/3 - r**2 + 11*r. Let u(t) = -t - 1. Let b(q) = 2*d(q) - 5*u(q). Determine b(3).
4
Let c(v) be the second derivative of -1/4*v**4 + 0 - 1/20*v**5 - 1/2*v**3 - 4*v + 0*v**2. Calculate c(-3).
9
Let q(m) be the third derivative of 1/120*m**5 - 1/360*m**6 + 0 - 1/3*m**3 + 0*m - 2*m**2 + 1/6*m**4. Let g(y) be the first derivative of q(y). Give g(4).
-8
Suppose -3*z - 2 = -5*p, 0*z = -2*z + 4*p. Let q be (1/(-3))/(z/12). Let r(a) = -a + 1. Give r(q).
0
Let y be (-2)/4*0/(-5). Let q = y - -3. Let j(h) = -h + 3. Calculate j(q).
0
Let s(y) = -y**3 - 8*y**2 - 8*y - 7. Let l be s(-7). Let q(i) be the third derivative of 3*i**2 + l + 0*i - 1/24*i**4 + 2/3*i**3. Give q(3).
1
Let a(z) = z**2 + 3*z. Suppose s + c = 0, s + s + 5*c = 3. Let n = -2 + s. Determine a(n).
0
Let q(s) = 1 + 7*s + 8*s**2 - 3*s**2 + 0 - 3*s**3 + 2*s**3. Let p be 2/10 + 29/5. Calculate q(p).
7
Let g = -29 + 32. Let n(q) = -q**3 + 3*q**2 - q - 3. Determine n(g).
-6
Let o(k) = -6*k + 1. Let s(q) = 12*q - 5. Let w(t) = 13*t - 6. Let m(a) = -6*s(a) + 5*w(a). Let l(r) = 5*m(r) - 6*o(r). Calculate l(0).
-6
Let l = 91 - 98. Let z(f) = f**3 + 6*f**2 - 10*f - 5. Give z(l).
16
Let r(k) = k**2 - 2*k + 3. Let t(m) = -m + 1. Let s(o) = r(o) - 5*t(o). Let x(v) = -v**3 + 5*v**2 + 2*v + 21. Let q be x(6). Calculate s(q).
-2
Let u(r) = 8*r - 1. Let d be u(-1). Let x = d - -5. Let k(s) = -s. Give k(x).
4
Let s(n) = 9 + 4*n + 4*n - 9*n. What is s(4)?
5
Let z(h) be the second derivative of h**4/12 - 7*h**3/6 - h**2/2 + 8*h. Calculate z(6).
-7
Let t(n) = -2*n**2 - 16*n - 7. Let x(u) = u**2 + 8*u + 4. Let l(h) = 2*t(h) + 5*x(h). Give l(-6).
-6
Let c(o) = 3*o**2 - 5*o - 25. Let i(h) = -h**2 + 2*h + 13. Let k(l) = -2*c(l) - 5*i(l). Determine k(0).
-15
Suppose 3 = -3*u - 9. Let l(q) = -q**3 - 5*q**2 - 4*q + 5. Let j be l(u). Suppose 0*r = -j*r + 5. Let i(v) = -3*v**2 - v. Give i(r).
-4
Let r(z) = -z + 3. Let t(d) = d**3 - 7*d**2 + 7*d - 4. Let k be t(6). What is r(k)?
1
Let f(m) = 4*m**3 - m**2 - m + 1. Suppose -5*c = -8 + 3. Determine f(c).
3
Suppose a = 5 + 4. Suppose 0 = -4*i - f - 4*f - 3, -f = 5*i + a. Let w(r) = r**2 + 2. What is w(i)?
6
Let k(d) be the third derivative of -d**5/60 - d**4/24 + d**3/3 + 2*d**2. Let f(o) = 2*o + 2 + 1 - o. Let b be f(-6). Determine k(b).
-4
Let r(z) be the third derivative of -z**4/8 + z**3 + 14*z**2. What is r(5)?
-9
Let u = 1 + -1. Let g(j) = j**3 - 4. What is g(u)?
-4
Let t(g) = g**3 + 2*g - 1. Let x(y) = -5*y**3 - 13*y + 7. Let r(u) = 6*t(u) + x(u). Calculate r(-2).
-5
Let r(y) = -y**3 - 7*y**2 + 7*y + 7. Let j be ((-2)/(-4))/((0 + 8)/(-128)). Determine r(j).
15
Let r(k) = k**3 - 8*k**2 + 14*k - 9. Let q(c) = -c. Let l(a) = 5*q(a) + r(a). Let u be l(7). Let v(b) = -b**3 + 5*b**2 + 4. Calculate v(u).
4
Let m(s) be the second derivative of s**5/20 + s**4/12 - 2*s**3/3 + s**2/2 - s. Suppose -4*i = 10 + 2. Determine m(i).
-5
Let n(y) = 5*y + 0*y - 11 + 8*y - 14*y. Calculate n(-7).
-4
Let c be (1/1)/(-2 - -1). Let r = c - -5. Let o(u) = 1 + 1 - 3*u**2 - 3*u + r*u**2. Determine o(4).
6
Let f(g) = -3*g**2 - 2*g - 9. Let x(m) = m**2 + m + 3. Let i(l) = 2*f(l) + 7*x(l). Determine i(-2).
1
Let i = -2 - -7. Let a(l) be the third derivative of l**6/120 - l**5/15 - l**4/12 - 7*l**3/6 - 4*l**2. What is a(i)?
8
Let c be 0 + (-4 + 1)/1. Let s(y) = -y**3 - 5*y**2 - 4*y - 3. What is s(c)?
-9
Let y(a) = a + 1. Let i(h) = h + 1. Let c(t) = 5*i(t) - 4*y(t). Determine c(-6).
-5
Suppose -4*c = 5*d - c + 313, -5*d - 315 = 5*c. Let i be 3/12 + d/(-8). Let u(q) = 3*q - 21. Let a(z) = -2*z + 14. Let f(y) = i*a(y) + 5*u(y). What is f(4)?
3
Let r(k) = 2. Let a(f) = 4*f + 14. Let l(d) = a(d) - 6*r(d). Determine l(-2).
-6
Let a(t) = 3*t**2 + 1. Suppose -z - 2 + 0 = 0. Determine a(z).
13
Let n(j) = 7*j**2 - 5*j + 8. Let r(w) = -4*w**2 + 3*w - 4. Let y(m) = 3*n(m) + 5*r(m). Let g be (-12 - -12)/(1*-1). Give y(g).
4
Suppose 5*z - 25 = -5*o, 0*z - 3*z = -2*o + 15. Let c(j) be the first derivative of -j**2/2 - 3*j + 1. Determine c(o).
-9
Let b(r) be the second derivative of r**3/6 + r. Let w(q) = 5*q + 3. Let p(a) = 4*b(a) - w(a). Calculate p(3).
-6
Let f(x) = -x**3 + 2*x**2 + 2*x - 4. Let i(z) = -z - 7. Let d be i(-10). Calculate f(d).
-7
Let g(i) = 10*i + 4. Let w be g(-1). Let y(r) = -4 - 3*r - 2 + 2*r. Determine y(w).
0
Suppose 4*i - 5*i = 6. Let m(l) = 7*l - 7. Let v(u) = 15*u - 15. Let t(x) = i*v(x) + 13*m(x). Determine t(-7).
-8
Let r(v) = -v. Let j(b) = b. Let l(u) = -2*j(u) - r(u). Give l(-5).
5
Let t be 2/(-7) + (-18)/(-14). Let o(s) = 1 + 3 - s - t. Let i(v) = v**3 + 9*v**2 + 8*v - 4. Let u be i(-8). Give o(u).
7
Let c(i) = i**2 + 2*i - 2. Let a(j) = j**3 - 13*j**2 + 12*j - 4. Let b be a(12). What is c(b)?
6
Let r(f) = -f**3 - f + 10*f**2 + 12*f**2 - 19*f**2. What is r(1)?
1
Let d be 1/(-3) + ((-40)/(-12) - 4). Let z(r) = -4*r + 1. What is z(d)?
5
Let v be (-6)/1*(-1)/3. Let n(s) = -1 + s**3 + s - 2 - 1 - v*s + 5*s**2. Determine n(-5).
1
Let b = -103 + 103. Let a(t) be the second derivative of 1/6*t**3 + b - t + t**2. Calculate a(-3).
-1
Let x(u) = -7*u**2 + 9. Let b(a) = -20*a**2 + 26. Let z(r) = -6*b(r) + 17*x(r). Let c be 3 - 7 - 0/2. Let p(k) = k**2 + 2*k - 5. Let m be p(c). What is z(m)?
6
Let h(m) be the first derivative of -1 - 5*m - 2*m**2 + 1/3*m**3. What is h(6)?
7
Let y(p) be the third derivative of -p**8/6720 + p**7/360 - p**6/120 - p**5/15 - p**4/12 - 7*p**2. Let b(r) be the second derivative of y(r). What is b(6)?
-8
Suppose q =